{"id":2269,"date":"2022-01-26T11:55:50","date_gmt":"2022-01-26T11:55:50","guid":{"rendered":"https:\/\/ptnmr.web.ua.pt\/wp\/?page_id=2269"},"modified":"2025-10-14T21:33:26","modified_gmt":"2025-10-14T21:33:26","slug":"nmr-centers","status":"publish","type":"page","link":"https:\/\/ptnmr.web.ua.pt\/index.php\/nmr-centers\/","title":{"rendered":"NMR Centers"},"content":{"rendered":"<table style=\"height: 500px;\" width=\"1250\">\n<tbody>\n<tr>\n<td width=\"189\">\n<h4 style=\"text-align: center;\"><span style=\"color: #333333;\"><strong>Institution<\/strong><\/span><\/h4>\n<\/td>\n<td width=\"189\">\n<h4><span style=\"color: #333333;\"><strong>Associated Research Unit<\/strong><\/span><\/h4>\n<\/td>\n<td width=\"189\">\n<h4><span style=\"color: #333333;\"><strong>Services and equipment<\/strong><\/span><\/h4>\n<\/td>\n<\/tr>\n<tr>\n<td width=\"189\"><img loading=\"lazy\" class=\"wp-image-2989 aligncenter\" src=\"http:\/\/ptnmr.web.ua.pt\/wp\/wp-content\/uploads\/2022\/02\/UAlg2-300x90.jpg\" alt=\"\" width=\"200\" height=\"60\" srcset=\"https:\/\/ptnmr.web.ua.pt\/wp-content\/uploads\/2022\/02\/UAlg2-300x90.jpg 300w, https:\/\/ptnmr.web.ua.pt\/wp-content\/uploads\/2022\/02\/UAlg2-768x230.jpg 768w, https:\/\/ptnmr.web.ua.pt\/wp-content\/uploads\/2022\/02\/UAlg2.jpg 1005w\" sizes=\"(max-width: 200px) 100vw, 200px\" \/><\/td>\n<td width=\"189\"><strong><a href=\"https:\/\/ccmar.ualg.pt\/en\/structural-and-chemical-analysis\">CCMAR &#8211; Centro de Ci\u00eancias do Mar<\/a><\/strong><\/td>\n<td width=\"189\"><strong>\u00a0<a href=\"https:\/\/ptnmr.web.ua.pt\/index.php\/universidade-do-algarve-ccmar\/\">PTNMR &#8211; CCMAR<\/a><\/strong><\/td>\n<\/tr>\n<tr>\n<td rowspan=\"2\" width=\"189\"><img loading=\"lazy\" class=\"wp-image-2974 aligncenter\" src=\"http:\/\/ptnmr.web.ua.pt\/wp\/wp-content\/uploads\/2022\/02\/UAveiro2-300x146.png\" alt=\"\" width=\"200\" height=\"97\" srcset=\"https:\/\/ptnmr.web.ua.pt\/wp-content\/uploads\/2022\/02\/UAveiro2-300x146.png 300w, https:\/\/ptnmr.web.ua.pt\/wp-content\/uploads\/2022\/02\/UAveiro2-1024x498.png 1024w, https:\/\/ptnmr.web.ua.pt\/wp-content\/uploads\/2022\/02\/UAveiro2-768x374.png 768w, https:\/\/ptnmr.web.ua.pt\/wp-content\/uploads\/2022\/02\/UAveiro2.png 1114w\" sizes=\"(max-width: 200px) 100vw, 200px\" \/><\/td>\n<td width=\"189\"><strong><a href=\"https:\/\/www.ciceco.ua.pt\/?menu=522&amp;tabela=geral\">CICECO \u2013 Aveiro Institute of Materials<\/a><\/strong><\/td>\n<td width=\"189\"><a href=\"https:\/\/ptnmr.web.ua.pt\/index.php\/universidade-de-aveiro-dq\/\"><strong>PTNMR &#8211; UA &#8211; CICECO<\/strong><\/a><\/td>\n<\/tr>\n<tr>\n<td width=\"189\"><strong><a href=\"https:\/\/laqv.requimte.pt\/research\/technical-resources\/184-magnetic_resonance\">LAQV\/Requimte \u2013 Laborat\u00f3rio Associado para a Qu\u00edmica Verde<\/a><\/strong><\/td>\n<td width=\"189\"><strong><a href=\"https:\/\/ptnmr.web.ua.pt\/index.php\/universidade-de-aveiro-dq\/\">PTNMR &#8211; UA &#8211; LAQV-REQUIMTE<\/a><\/strong><\/td>\n<\/tr>\n<tr>\n<td width=\"189\"><img loading=\"lazy\" class=\"aligncenter wp-image-2992\" src=\"http:\/\/ptnmr.web.ua.pt\/wp\/wp-content\/uploads\/2022\/02\/UBI2-300x114.jpg\" alt=\"\" width=\"200\" height=\"76\" srcset=\"https:\/\/ptnmr.web.ua.pt\/wp-content\/uploads\/2022\/02\/UBI2-300x114.jpg 300w, https:\/\/ptnmr.web.ua.pt\/wp-content\/uploads\/2022\/02\/UBI2-768x291.jpg 768w, https:\/\/ptnmr.web.ua.pt\/wp-content\/uploads\/2022\/02\/UBI2.jpg 1000w\" sizes=\"(max-width: 200px) 100vw, 200px\" \/><\/td>\n<td width=\"189\"><a href=\"https:\/\/www.ubi.pt\/Sites\/fcsaude\/pt\/Pagina\/laboratorio_ressonancia_magnetica\"><strong>CICS &#8211; UBI &#8211; Centro de Investiga\u00e7\u00e3o em Ci\u00eancias da Sa\u00fade<\/strong><\/a><\/td>\n<td width=\"189\"><a href=\"https:\/\/ptnmr.web.ua.pt\/index.php\/universidade-da-beira-interior-cics\/\"><strong>PTNMR &#8211; UBI &#8211; CICS<\/strong><\/a><\/td>\n<\/tr>\n<tr>\n<td width=\"189\"><img loading=\"lazy\" class=\"aligncenter wp-image-2995 size-medium\" src=\"http:\/\/ptnmr.web.ua.pt\/wp\/wp-content\/uploads\/2022\/02\/UCoimbra2-300x89.png\" alt=\"\" width=\"300\" height=\"89\" srcset=\"https:\/\/ptnmr.web.ua.pt\/wp-content\/uploads\/2022\/02\/UCoimbra2-300x89.png 300w, https:\/\/ptnmr.web.ua.pt\/wp-content\/uploads\/2022\/02\/UCoimbra2-1024x305.png 1024w, https:\/\/ptnmr.web.ua.pt\/wp-content\/uploads\/2022\/02\/UCoimbra2-768x229.png 768w, https:\/\/ptnmr.web.ua.pt\/wp-content\/uploads\/2022\/02\/UCoimbra2-1536x457.png 1536w, https:\/\/ptnmr.web.ua.pt\/wp-content\/uploads\/2022\/02\/UCoimbra2-2048x610.png 2048w\" sizes=\"(max-width: 300px) 100vw, 300px\" \/><\/td>\n<td width=\"189\"><a href=\"https:\/\/www.uc.pt\/uc-nmr\/\"><strong>CQ &#8211; Centro de Qu\u00edmica de Coimbra<\/strong><\/a><\/td>\n<td width=\"189\"><a href=\"https:\/\/ptnmr.web.ua.pt\/index.php\/universidade-de-coimbra-nmr\/\"><strong>PTNMR &#8211; UC &#8211; CQ<\/strong><\/a><\/td>\n<\/tr>\n<tr>\n<td width=\"189\"><img loading=\"lazy\" class=\"wp-image-2998 aligncenter\" src=\"http:\/\/ptnmr.web.ua.pt\/wp\/wp-content\/uploads\/2022\/02\/UEvora_2-300x94.png\" alt=\"\" width=\"200\" height=\"63\" srcset=\"https:\/\/ptnmr.web.ua.pt\/wp-content\/uploads\/2022\/02\/UEvora_2-300x94.png 300w, https:\/\/ptnmr.web.ua.pt\/wp-content\/uploads\/2022\/02\/UEvora_2-1024x322.png 1024w, https:\/\/ptnmr.web.ua.pt\/wp-content\/uploads\/2022\/02\/UEvora_2-768x242.png 768w, https:\/\/ptnmr.web.ua.pt\/wp-content\/uploads\/2022\/02\/UEvora_2.png 1237w\" sizes=\"(max-width: 200px) 100vw, 200px\" \/><\/td>\n<td width=\"189\"><\/td>\n<td width=\"189\"><\/td>\n<\/tr>\n<tr>\n<td width=\"189\"><img loading=\"lazy\" class=\"aligncenter wp-image-3016 size-medium\" src=\"http:\/\/ptnmr.web.ua.pt\/wp\/wp-content\/uploads\/2022\/02\/ULisboa_2-300x108.png\" alt=\"\" width=\"300\" height=\"108\" srcset=\"https:\/\/ptnmr.web.ua.pt\/wp-content\/uploads\/2022\/02\/ULisboa_2-300x108.png 300w, https:\/\/ptnmr.web.ua.pt\/wp-content\/uploads\/2022\/02\/ULisboa_2-1024x370.png 1024w, https:\/\/ptnmr.web.ua.pt\/wp-content\/uploads\/2022\/02\/ULisboa_2-768x277.png 768w, https:\/\/ptnmr.web.ua.pt\/wp-content\/uploads\/2022\/02\/ULisboa_2-1536x555.png 1536w, https:\/\/ptnmr.web.ua.pt\/wp-content\/uploads\/2022\/02\/ULisboa_2-2048x740.png 2048w\" sizes=\"(max-width: 300px) 100vw, 300px\" \/><\/td>\n<td width=\"189\"><a href=\"https:\/\/cqe.tecnico.ulisboa.pt\/nmr-facility\/\"><strong>Instituto Superior T\u00e9cnico &#8211; Centro de Qu\u00edmica Estrutural<\/strong><\/a><\/td>\n<td width=\"189\"><a href=\"https:\/\/ptnmr.web.ua.pt\/index.php\/universidade-de-lisboa-ist\/\"><strong>PTNMR &#8211; UL &#8211; IST &#8211; CQE<\/strong><\/a><\/td>\n<\/tr>\n<tr>\n<td rowspan=\"3\" width=\"189\"><img loading=\"lazy\" class=\"aligncenter wp-image-3004\" src=\"http:\/\/ptnmr.web.ua.pt\/wp\/wp-content\/uploads\/2022\/02\/UNL_2-300x180.png\" alt=\"\" width=\"200\" height=\"120\" srcset=\"https:\/\/ptnmr.web.ua.pt\/wp-content\/uploads\/2022\/02\/UNL_2-300x180.png 300w, https:\/\/ptnmr.web.ua.pt\/wp-content\/uploads\/2022\/02\/UNL_2-768x461.png 768w, https:\/\/ptnmr.web.ua.pt\/wp-content\/uploads\/2022\/02\/UNL_2.png 943w\" sizes=\"(max-width: 200px) 100vw, 200px\" \/><\/td>\n<td width=\"189\"><a href=\"https:\/\/ucibio.pt\/nuclear-magnetic-resonance\"><strong>Faculdade de Ci\u00eancias e Tecnologia &#8211; UCIBIO \u2013 Applied Mollecular Biosciences Unit<\/strong><\/a><\/td>\n<td width=\"189\"><a href=\"https:\/\/ptnmr.web.ua.pt\/index.php\/universidade-nova-de-lisboa-requimte-fct\/\"><strong>PTNMR &#8211; UNL &#8211; FCT &#8211; DQ<\/strong><\/a><\/td>\n<\/tr>\n<tr>\n<td width=\"189\"><strong><a href=\"https:\/\/laqv.requimte.pt\/research\/technical-resources\/184-magnetic_resonance\">Faculdade de Ci\u00eancias e Tecnologia &#8211; LAQV\/Requimte \u2013 Laborat\u00f3rio Associado para a Qu\u00edmica Verde<\/a><\/strong><\/td>\n<td width=\"189\"><a href=\"https:\/\/ptnmr.web.ua.pt\/index.php\/universidade-nova-de-lisboa-requimte-fct\/\"><strong>PTNMR &#8211; UNL &#8211; FCT &#8211; DQ<\/strong><\/a><\/td>\n<\/tr>\n<tr>\n<td width=\"189\"><strong><a href=\"https:\/\/www.cenimat.fct.unl.pt\/services\/laboratory-nuclear-magnetic-resonance-nmr-spectroscopy\">Faculdade de Ci\u00eancias e Tecnologia &#8211; CENIMAT &#8211; I3N \u2013 Institute for Nanostructure, nanomodelling and nanofabritacion<\/a><\/strong><\/td>\n<td width=\"189\"><strong>PTNMR &#8211; UNL &#8211; FCT &#8211; DM<\/strong><\/td>\n<\/tr>\n<tr>\n<td rowspan=\"2\" width=\"189\"><img loading=\"lazy\" class=\"aligncenter wp-image-3004\" src=\"http:\/\/ptnmr.web.ua.pt\/wp\/wp-content\/uploads\/2022\/02\/UNL_2-300x180.png\" alt=\"\" width=\"200\" height=\"120\" srcset=\"https:\/\/ptnmr.web.ua.pt\/wp-content\/uploads\/2022\/02\/UNL_2-300x180.png 300w, https:\/\/ptnmr.web.ua.pt\/wp-content\/uploads\/2022\/02\/UNL_2-768x461.png 768w, https:\/\/ptnmr.web.ua.pt\/wp-content\/uploads\/2022\/02\/UNL_2.png 943w\" sizes=\"(max-width: 200px) 100vw, 200px\" \/><\/td>\n<td width=\"189\"><a href=\"http:\/\/cermax.itqb.unl.pt\"><strong>Instituto de Tecnologia Qu\u00edmica e Biol\u00f3gica Ant\u00f3nio Xavier &#8211; Mostmicro \u2013 Molecular, Structural and Cellular Microbiology Unit<\/strong><\/a><\/td>\n<td width=\"189\"><a href=\"https:\/\/ptnmr.web.ua.pt\/index.php\/universidade-nova-de-lisboa-cermax-itqb\/\"><strong>PTNMR &#8211; UNL &#8211; ITQB<\/strong><\/a><\/td>\n<\/tr>\n<tr>\n<td width=\"189\"><strong><a href=\"http:\/\/cermax.itqb.unl.pt\">Instituto de Tecnologia Qu\u00edmica e Biol\u00f3gica Ant\u00f3nio Xavier &#8211; Green-it \u2013 BioResources 4 Sustainability Unit<\/a><\/strong><\/td>\n<td width=\"189\"><a href=\"https:\/\/ptnmr.web.ua.pt\/index.php\/universidade-nova-de-lisboa-cermax-itqb\/\"><strong>PTNMR &#8211; UNL &#8211; ITQB<\/strong><\/a><\/td>\n<\/tr>\n<tr>\n<td width=\"189\"><img loading=\"lazy\" class=\"aligncenter wp-image-3262 size-medium\" src=\"http:\/\/ptnmr.web.ua.pt\/wp\/wp-content\/uploads\/2022\/02\/UMadeira-300x97.gif\" alt=\"\" width=\"300\" height=\"97\" srcset=\"https:\/\/ptnmr.web.ua.pt\/wp-content\/uploads\/2022\/02\/UMadeira-300x97.gif 300w, https:\/\/ptnmr.web.ua.pt\/wp-content\/uploads\/2022\/02\/UMadeira-1024x330.gif 1024w, https:\/\/ptnmr.web.ua.pt\/wp-content\/uploads\/2022\/02\/UMadeira-768x247.gif 768w\" sizes=\"(max-width: 300px) 100vw, 300px\" \/><\/td>\n<td width=\"189\"><a href=\"https:\/\/cqm.uma.pt\/research\/25-english\/research\/facilities\/42-nuclear-magnetic-resonance-lab\"><strong>CQM &#8211; Centro de Qu\u00edmica da Madeira<\/strong><\/a><\/td>\n<td width=\"189\"><a href=\"https:\/\/ptnmr.web.ua.pt\/index.php\/universidade-da-madeira-cqm\/\"><strong>PTNMR &#8211; UMa &#8211; CQM<\/strong><\/a><\/td>\n<\/tr>\n<tr>\n<td width=\"189\"><img loading=\"lazy\" class=\"aligncenter wp-image-3001\" src=\"http:\/\/ptnmr.web.ua.pt\/wp\/wp-content\/uploads\/2022\/02\/UMinho_2-300x231.png\" alt=\"\" width=\"150\" height=\"116\" srcset=\"https:\/\/ptnmr.web.ua.pt\/wp-content\/uploads\/2022\/02\/UMinho_2-300x231.png 300w, https:\/\/ptnmr.web.ua.pt\/wp-content\/uploads\/2022\/02\/UMinho_2-768x592.png 768w, https:\/\/ptnmr.web.ua.pt\/wp-content\/uploads\/2022\/02\/UMinho_2.png 794w\" sizes=\"(max-width: 150px) 100vw, 150px\" \/><\/td>\n<td width=\"189\"><a href=\"https:\/\/www.cq.uminho.pt\/services\"><strong>CQ &#8211; Centro de Qu\u00edmica<\/strong><\/a><\/td>\n<td width=\"189\"><a href=\"https:\/\/ptnmr.web.ua.pt\/index.php\/universidade-do-minho-cq\/\"><strong>PTNMR &#8211; UM &#8211; CQ<\/strong><\/a><\/td>\n<\/tr>\n<tr>\n<td width=\"189\"><img loading=\"lazy\" class=\"aligncenter wp-image-3007 size-medium\" src=\"http:\/\/ptnmr.web.ua.pt\/wp\/wp-content\/uploads\/2022\/02\/UPorto_2-300x106.png\" alt=\"\" width=\"300\" height=\"106\" srcset=\"https:\/\/ptnmr.web.ua.pt\/wp-content\/uploads\/2022\/02\/UPorto_2-300x106.png 300w, https:\/\/ptnmr.web.ua.pt\/wp-content\/uploads\/2022\/02\/UPorto_2.png 665w\" sizes=\"(max-width: 300px) 100vw, 300px\" \/><\/td>\n<td width=\"189\"><a href=\"https:\/\/laqv.requimte.pt\/research\/technical-resources\/184-magnetic_resonance\"><strong>LAQV\/Requimte \u2013 Laborat\u00f3rio Associado para a Qu\u00edmica Verde<\/strong><\/a><\/td>\n<td width=\"189\"><a href=\"https:\/\/ptnmr.web.ua.pt\/index.php\/universidade-do-porto-cemup\/\"><strong>PTNMR &#8211; UP &#8211; LAQV\/REQUIMTE<\/strong><\/a><\/td>\n<\/tr>\n<\/tbody>\n<\/table>\n<p>&nbsp;<\/p>\n","protected":false},"excerpt":{"rendered":"<p>Institution Associated Research Unit Services and equipment CCMAR &#8211; Centro de Ci\u00eancias do Mar \u00a0PTNMR &#8211; CCMAR CICECO \u2013 Aveiro Institute of Materials PTNMR &#8211; UA &#8211; CICECO LAQV\/Requimte \u2013 Laborat\u00f3rio Associado para a Qu\u00edmica Verde PTNMR &#8211; UA &#8211; LAQV-REQUIMTE CICS &#8211; UBI &#8211; Centro de Investiga\u00e7\u00e3o em Ci\u00eancias da Sa\u00fade PTNMR &#8211; UBI&hellip;&nbsp;<a href=\"https:\/\/ptnmr.web.ua.pt\/index.php\/nmr-centers\/\" rel=\"bookmark\">Read More &raquo;<span class=\"screen-reader-text\">NMR Centers<\/span><\/a><\/p>\n","protected":false},"author":4,"featured_media":0,"parent":0,"menu_order":0,"comment_status":"closed","ping_status":"closed","template":"","meta":{"neve_meta_sidebar":"","neve_meta_container":"","neve_meta_enable_content_width":"off","neve_meta_content_width":100,"neve_meta_title_alignment":"","neve_meta_author_avatar":"","neve_post_elements_order":"","neve_meta_disable_header":"","neve_meta_disable_footer":"","neve_meta_disable_title":""},"_links":{"self":[{"href":"https:\/\/ptnmr.web.ua.pt\/index.php\/wp-json\/wp\/v2\/pages\/2269"}],"collection":[{"href":"https:\/\/ptnmr.web.ua.pt\/index.php\/wp-json\/wp\/v2\/pages"}],"about":[{"href":"https:\/\/ptnmr.web.ua.pt\/index.php\/wp-json\/wp\/v2\/types\/page"}],"author":[{"embeddable":true,"href":"https:\/\/ptnmr.web.ua.pt\/index.php\/wp-json\/wp\/v2\/users\/4"}],"replies":[{"embeddable":true,"href":"https:\/\/ptnmr.web.ua.pt\/index.php\/wp-json\/wp\/v2\/comments?post=2269"}],"version-history":[{"count":62,"href":"https:\/\/ptnmr.web.ua.pt\/index.php\/wp-json\/wp\/v2\/pages\/2269\/revisions"}],"predecessor-version":[{"id":4007,"href":"https:\/\/ptnmr.web.ua.pt\/index.php\/wp-json\/wp\/v2\/pages\/2269\/revisions\/4007"}],"wp:attachment":[{"href":"https:\/\/ptnmr.web.ua.pt\/index.php\/wp-json\/wp\/v2\/media?parent=2269"}],"curies":[{"name":"wp","href":"https:\/\/api.w.org\/{rel}","templated":true}]}}