{"id":28,"date":"2022-01-14T15:36:49","date_gmt":"2022-01-14T15:36:49","guid":{"rendered":"http:\/\/ptnmr.dq.ua.pt\/wp\/?page_id=28"},"modified":"2025-10-15T12:58:21","modified_gmt":"2025-10-15T12:58:21","slug":"create-your-website-with-blocks","status":"publish","type":"page","link":"https:\/\/ptnmr.web.ua.pt\/","title":{"rendered":"Our Mission"},"content":{"rendered":"<p>The main mission of the <strong>Portuguese Nuclear Magnetic Resonance Network<\/strong> is to provide a coordinated access to a national platform of\u00a0equipment, resources, services and skills in Nuclear Magnetic Resonance (NMR) for the use of the participating institutions and for the\u00a0scientific community, from the national and international R&amp;D\u00a0system from industry and academia. The main goal is the maintenance of a single platform that promotes the technical integration,\u00a0the sharing of resources and the combined management of the NMR\u00a0infrastructure, enabling access to modern and fully operational NMR\u00a0spectrometers and support of R&amp;D initiatives.<\/p>\n<table style=\"height: 267px; width: 1213px; margin-left: auto; margin-right: auto;\">\n<tbody>\n<tr>\n<td style=\"width: 1000px;\"><strong>The following institutions Portuguese NMR Network:<\/strong><\/p>\n<ul>\n<li><a href=\"https:\/\/ptnmr.web.ua.pt\/index.php\/universidade-do-algarve-ccmar\/\">Universidade do Algarve<\/a><\/li>\n<li><a href=\"https:\/\/ptnmr.web.ua.pt\/index.php\/universidade-de-aveiro-dq\/\">Universidade de Aveiro<\/a><\/li>\n<li><a href=\"https:\/\/ptnmr.web.ua.pt\/index.php\/universidade-da-beira-interior-cics\/\">Universidade da Beira Interior<\/a><\/li>\n<li><a href=\"https:\/\/ptnmr.web.ua.pt\/index.php\/universidade-de-coimbra-nmr\/\">Universidade de Coimbra<\/a><\/li>\n<li>Universidade de \u00c9vora<\/li>\n<li>Universidade de Lisboa (<a href=\"https:\/\/ptnmr.web.ua.pt\/index.php\/universidade-de-lisboa-fc\/\">Faculdade de Ci\u00eancias<\/a> | <a href=\"https:\/\/ptnmr.web.ua.pt\/index.php\/universidade-de-lisboa-ff\/\">Faculdade de Farm\u00e1cia<\/a> | <a href=\"https:\/\/ptnmr.web.ua.pt\/index.php\/universidade-de-lisboa-ist\/\">Instituto Superior T\u00e9cnico<\/a>)<\/li>\n<li>Universidade Nova de Lisboa (<a href=\"https:\/\/ptnmr.web.ua.pt\/index.php\/universidade-nova-de-lisboa-requimte-fct\/\">Faculdade de Ci\u00eancias e Tecnologia &#8211; Chemistry Department<\/a>\u00a0| <a href=\"https:\/\/ptnmr.web.ua.pt\/index.php\/universidade-nova-de-lisboa-dm-nova-fct\/\">Faculdade de Ci\u00eancias e Tecnologia &#8211; Material Sciences Department<\/a>)<\/li>\n<li>Universidade Nova de Lisboa (<a href=\"https:\/\/ptnmr.web.ua.pt\/index.php\/nova-itqb\/\">Instituto de Tecnologia Qu\u00edmica e Biol\u00f3gica Ant\u00f3nio Xavier<\/a>)<\/li>\n<li><a href=\"https:\/\/ptnmr.web.ua.pt\/index.php\/universidade-da-madeira-cqm\/\">Universidade da Madeira<\/a><\/li>\n<li><a href=\"https:\/\/ptnmr.web.ua.pt\/index.php\/universidade-do-minho-cq\/\">Universidade do Minho<\/a><\/li>\n<li><a href=\"https:\/\/ptnmr.web.ua.pt\/index.php\/universidade-do-porto-cemup\/\">Universidade do Porto<\/a><\/li>\n<\/ul>\n<\/td>\n<td style=\"width: 500px; padding-left: 40px;\">\u00a0<iframe loading=\"lazy\" src=\"https:\/\/www.google.com\/maps\/d\/u\/0\/embed?mid=1XYW60GH0n5XAZGtP7ynf-63GvtdMR1Ve&amp;ehbc=2E312F\" width=\"300\" height=\"300\"><\/iframe><\/td>\n<\/tr>\n<\/tbody>\n<\/table>\n<p><strong>Participation in International Research Infrastructures:<\/strong><\/p>\n<p>PTNMR anchors Portugal\u2019s integration in Europe\u2019s leading NMR and structural-biology research infrastructures. Through the national network, Portuguese researchers connect to <a href=\"https:\/\/instruct-eric.org\/\"><strong>Instruct-ERIC<\/strong><\/a> via the Portuguese Research Site (Instruct-PT) at FCUL and NOVA-gaining access to advanced technologies, expert training, and transnational services in structural biology. In solid-state NMR, Portugal also participates in\u00a0<a href=\"https:\/\/panacea-nmr.eu\/\"><strong>PANACEA NMR<\/strong><\/a>, a pan-European access programme that opens state-of-the-art instrumentation and know-how across a consortium that includes the University of Aveiro, widening opportunities for academia and industry. Together, these links ensure open, competitive access, training, and collaboration at the highest international standard.<\/p>\n<p><strong>Acknowledgement:<\/strong><\/p>\n<p>The NMR spectrometers are part of the National NMR Network (PTNMR) and are partially supported by Infrastructure Project N\u00ba 022161 (co-financed by FEDER through COMPETE 2020, POCI and PORL and FCT through PIDDAC).<\/p>\n<p><strong>Supported by:<\/strong><\/p>\n<p><img loading=\"lazy\" class=\"alignnone size-full wp-image-3109\" src=\"http:\/\/ptnmr.web.ua.pt\/wp-content\/uploads\/2025\/09\/Supported-by2.png\" alt=\"\" width=\"3052\" height=\"363\" \/><\/p>\n","protected":false},"excerpt":{"rendered":"<p>The main mission of the Portuguese Nuclear Magnetic Resonance Network is to provide a coordinated access to a national platform of\u00a0equipment, resources, services and skills in Nuclear Magnetic Resonance (NMR) for the use of the participating institutions and for the\u00a0scientific community, from the national and international R&amp;D\u00a0system from industry and academia. The main goal is&hellip;&nbsp;<a href=\"https:\/\/ptnmr.web.ua.pt\/\" rel=\"bookmark\">Read More &raquo;<span class=\"screen-reader-text\">Our Mission<\/span><\/a><\/p>\n","protected":false},"author":4,"featured_media":0,"parent":0,"menu_order":0,"comment_status":"closed","ping_status":"closed","template":"","meta":{"neve_meta_sidebar":"","neve_meta_container":"","neve_meta_enable_content_width":"off","neve_meta_content_width":100,"neve_meta_title_alignment":"","neve_meta_author_avatar":"","neve_post_elements_order":"","neve_meta_disable_header":"","neve_meta_disable_footer":"","neve_meta_disable_title":""},"_links":{"self":[{"href":"https:\/\/ptnmr.web.ua.pt\/index.php\/wp-json\/wp\/v2\/pages\/28"}],"collection":[{"href":"https:\/\/ptnmr.web.ua.pt\/index.php\/wp-json\/wp\/v2\/pages"}],"about":[{"href":"https:\/\/ptnmr.web.ua.pt\/index.php\/wp-json\/wp\/v2\/types\/page"}],"author":[{"embeddable":true,"href":"https:\/\/ptnmr.web.ua.pt\/index.php\/wp-json\/wp\/v2\/users\/4"}],"replies":[{"embeddable":true,"href":"https:\/\/ptnmr.web.ua.pt\/index.php\/wp-json\/wp\/v2\/comments?post=28"}],"version-history":[{"count":143,"href":"https:\/\/ptnmr.web.ua.pt\/index.php\/wp-json\/wp\/v2\/pages\/28\/revisions"}],"predecessor-version":[{"id":4058,"href":"https:\/\/ptnmr.web.ua.pt\/index.php\/wp-json\/wp\/v2\/pages\/28\/revisions\/4058"}],"wp:attachment":[{"href":"https:\/\/ptnmr.web.ua.pt\/index.php\/wp-json\/wp\/v2\/media?parent=28"}],"curies":[{"name":"wp","href":"https:\/\/api.w.org\/{rel}","templated":true}]}}